/121. Suppose -6*k + 7*k = j. What is the tens digit of k?
7
Suppose -o + 680 - 197 = 3*i, 161 = i - o. Suppose 2*h + u = 6*h - i, 0 = 3*h + 2*u - 118. What is the units digit of h?
0
Let w(y) = 9*y**2 - 10*y + 248. What is the tens digit of w(32)?
4
Suppose -79*y = -22*y - 350721. What is the hundreds digit of y?
1
Suppose 4*m - 3176 = 3*o + 4446, -3*m - 2*o = -5742. What is the thousands digit of m?
1
Suppose 185 + 350 = 5*p. Let t = p + -62. Let o = t - -42. What is the units digit of o?
7
Suppose 163*k = 170*k - 42. Suppose -k*h + 4309 + 11 = 0. What is the units digit of h?
0
Let o = 108 + -133. Let u = o + 217. What is the units digit of u?
2
Let c = -4456 + 8958. What is the units digit of c?
2
Suppose -h = -26 + 15. Suppose 8*q - 27 = -h. Suppose -6*f - 2*l + 272 = -2*f, q*f - 3*l = 144. What is the units digit of f?
9
Let v(l) = 4*l**2 + 24*l - 15. Let o be v(-20). Let w = o - 783. What is the tens digit of w?
2
Let u = 14419 + -7870. What is the thousands digit of u?
6
Let f(n) be the second derivative of -7*n**5/20 - n**4/12 + n**3/3 - 5*n**2 + 35*n. Let x be f(-3). Let g = x - -106. What is the units digit of g?
0
Let v(n) = -20 - 5 + 225*n + 20. What is the units digit of v(1)?
0
Suppose 50*i + 56850 = 65*i. What is the hundreds digit of i/14 - 2/(-7)?
2
Let n(f) = 524*f**3 + f**2. Suppose -16 = 6*c - 22*c. What is the tens digit of n(c)?
2
Suppose -20124 - 94679 = -46*o - 25379. What is the hundreds digit of o?
9
Let x = -8167 + 18078. What is the units digit of x?
1
What is the units digit of 1566890/(-68)*(-40)/50?
4
Suppose 2*q - 5*q - 6 = -2*j, q = 0. Let s be -3 + j + 3 + 12. Suppose 3*f + s = 2*y, 0*f + 24 = 5*y - 3*f. What is the units digit of y?
3
Let r(d) = -2*d**2 + 62*d - 1. Let g be r(31). Suppose -5*m + m = -28. What is the units digit of 3/g + (m - -1)?
5
Let k = -933 - 345. Let m be k/(-5) - (-3)/((-45)/(-6)). Suppose 0 = l + 4*y - m + 100, -l + y = -181. What is the hundreds digit of l?
1
Let m be 3889/4 - 3/12. Suppose -8*o - m + 2572 = 0. Let d = -139 + o. What is the units digit of d?
1
Let m(i) = -2*i**2 - 24*i - 37. Let l(o) = o**2 + 22*o + 36. Let s(h) = -4*l(h) - 3*m(h). What is the hundreds digit of s(-9)?
2
Suppose 75*c + 6 = 78*c. Suppose -4*d - c*u = -0*d - 174, 2*d = -5*u + 67. What is the units digit of d?
6
Suppose -360 = -3*h - 2*h. Let d = h - 64. What is the units digit of (-8)/(-32) - (-14)/d?
2
Let y(a) = 63*a + 33. Let s be y(-3). Let m = s - -1066. What is the units digit of m?
0
Let w(g) = g**2 + g - 4. Let k be w(-4). Suppose 6*f + 140 = -k*f. What is the hundreds digit of 1234/7 + f/35?
1
Let n = -245 - -249. Suppose 140 - 1296 = -2*b + 2*q, 2*b = -n*q + 1132. What is the units digit of b?
4
Suppose -9*d = -4*d. Suppose d = 2*j - j + 1. What is the tens digit of (-21 + 1)*(j + 0)?
2
Suppose 29*k = s + 34*k - 2051, 2*s - 7*k - 4221 = 0. What is the units digit of s?
6
Suppose -226 = 50*j + 112 - 38. Suppose 3*b - 5*q - 25 = 0, -4*q = -2*q + 10. What is the units digit of 32 - (-2)/j*b?
2
Suppose 153530 = 55*r - 198030. What is the hundreds digit of r?
3
Suppose 0*a - 4*h = -3*a + 3, -3*h + 29 = 4*a. Suppose -n - 29 = -4*n + 5*q, a*n + 5*q = -5. What is the tens digit of 2/2*(2 - -37*n)?
1
Let c(g) = 6*g - 3*g**2 - 1 + 8*g + 14*g**2 - 10*g. Let m be c(-5). Suppose -3*s + m = -58. What is the units digit of s?
4
Let s(g) = 3*g**3 - 17*g**2 - 80*g - 13. Let o be s(16). Suppose 562*t - o = 555*t. What is the units digit of t?
9
Suppose -4*v - 23 = 89. What is the units digit of ((-1211)/v)/(2/24)?
9
Let a(c) = c**2 - 3*c + 2. Suppose 3*t - s = 13, -3*s - 2 = t + 7. Let x be a(t). Suppose x*o + 2*o = 5*y - 45, -5*y + 2*o = -55. What is the units digit of y?
3
Let d be 4/(-7) - 11/(924/(-394176)). Suppose d = 17*c - 5*c. What is the hundreds digit of c?
3
Let t(i) = 1. Let w(x) = 2*x - 22. Let p(d) = -4*t(d) - w(d). Let r be p(9). Let y(g) = 2*g**2 - g + 28. What is the tens digit of y(r)?
2
Suppose 179*s = 454*s - 2835850 - 461950. What is the units digit of s?
2
Suppose 0 = -4*h + 7*l + 153282, -5*l = 35*h - 31*h - 153210. What is the ten thousands digit of h?
3
Let t = -40 - -44. What is the units digit of -13*(3180/(-140) - t/14)?
9
Suppose 5*f + 92 = -2*a + 287, 4*f - 138 = 2*a. Suppose f*r - 36*r = 4. Suppose -r*i + 151 = -197. What is the tens digit of i?
8
Suppose -132*s + 133*s - 14794 = -n, 3*n + 2*s - 44377 = 0. What is the tens digit of n?
8
Let f(c) = 48*c**3 + 3*c**2 - 11*c + 21. Suppose 0 = -75*t + 66*t + 27. What is the hundreds digit of f(t)?
3
Let o(w) = 3*w**2 + 12*w - 91. Suppose 4*v + 12 = 2*p + 9*v, -76 = -5*p - v. What is the units digit of o(p)?
9
Suppose 41*o - 43*o = 12, 5*c + 5*o = 63370. What is the thousands digit of c?
2
Let f be 8 - ((-3)/5)/((-3)/(-15)). Let i(x) be the third derivative of x**5/60 - x**4/4 - 5*x**3/3 - 9*x**2. What is the units digit of i(f)?
5
Let w = -19544 + 29321. Suppose w - 3452 = 11*m. What is the tens digit of m?
7
Let k = -59 - -61. What is the tens digit of ((-2096)/(-6) - k)/(2/3)?
2
Suppose 17 = -2*n - c - 266, 5*n - 2*c = -721. Let d = n - -172. What is the tens digit of d?
2
Let z(u) = -3*u**3 + 73*u**2 - 5*u - 16. Let t be z(23). Suppose -50 + t = 15*c. What is the tens digit of c?
2
Let i(g) = 20*g**3 - 411*g**2 + 48*g + 70. What is the units digit of i(21)?
7
Let d = -6418 + 11398. What is the tens digit of ((-8)/(-12))/((-16)/d)*-2?
1
What is the hundreds digit of -3 + -1 - (-73510 - -108)?
3
Let n(u) = 4*u - 3 + 4*u**3 - 4*u - 7*u**2 - 2*u. Suppose 0 = -4*z - 10*a + 6*a + 8, 3*z + 2*a - 8 = 0. What is the hundreds digit of n(z)?
1
Let n be 70/(-3)*(-510)/425. What is the hundreds digit of 0 + (-6)/21 - (-25740)/n?
9
Suppose -8*c + 5655 = -513. Suppose 4*k = -3*d + 322 + 489, -4*k = -5*d - c. What is the units digit of k?
9
Let k(o) = o**2 + 2*o + 3. Let b(n) = -6*n + 20. Let j be b(5). Let t = j + 14. What is the units digit of k(t)?
7
Let a = -13 - -15. Suppose 0 = j + a, 0*i + 20 = 3*i - 4*j. What is the tens digit of -83*(4 + (-20)/i)?
8
Let s be (2 + 30)/(1/12). Suppose 0 = q - 3, -b + 192 = 4*q - 124. Suppose 4*u - s - b = 0. What is the hundreds digit of u?
1
Suppose 3182 = -7*a + 683. Let p = 1067 + a. What is the tens digit of p?
1
Let n(k) = 4*k + 34. Let g be n(-7). Suppose g*f - 1936 = 1058. What is the tens digit of f?
9
What is the units digit of ((-90724)/740)/((-1)/65)?
9
Let t(w) = -2*w**2 + 3*w + 10. Let k be t(6). Let q = -44 - k. Suppose 7*b - 2*b - 455 = q. What is the tens digit of b?
9
Let b(o) be the third derivative of o**6/120 + o**5/10 - 17*o**4/24 + o**3/3 + 3*o**2. Suppose -15 = -8*z - 79. What is the units digit of b(z)?
0
Let x be (176/(-56))/11 + 32/14. What is the hundreds digit of 214*x/(-4)*9/(-3)?
3
What is the hundreds digit of (-50)/(-75)*(3 - (-11495 - 1))?
6
Let g = -831 - 42. Let h = 878 + g. What is the units digit of h?
5
Let j be (4/3)/(34/(-17))*-3. What is the tens digit of ((-10)/(-8))/(7*j/1176)?
0
Suppose 2*b + 123212 = 2*a, -1439 = a + 4*b - 63025. What is the thousands digit of a?
1
Let w = 877 - 833. Suppose -o + 2*g + 1814 = 0, -46*g - 5426 = -3*o - w*g. What is the hundreds digit of o?
8
Let l(m) = 2*m**3 + 2*m**2 + m + 17. Let z be l(-4). Let n = z + 402. What is the hundreds digit of n?
3
Suppose 0 = -o + 2*r + 955, 4*o - 1941 - 1924 = -r. Suppose -y + 4*n + o = n, y + 2*n - 975 = 0. What is the tens digit of y?
7
Let y(a) = 8*a + 59. Let s = -104 - -94. Let v be 74/s + 2/(-50)*-10. What is the units digit of y(v)?
3
Let n(t) = 1187*t + 3069. What is the units digit of n(43)?
0
Let b = 91 + -96. What is the hundreds digit of 93*((2 - -6) + b*1)?
2
Let w(h) = 7*h**3 + 16*h**2 - 21*h - 9. Let q(x) = 3*x**3 + 8*x**2 - 10*x - 4. Let d(t) = -13*q(t) + 6*w(t). What is the hundreds digit of d(5)?
1
Let h(q) be the first derivative of 3*q**4/2 + q**3/3 + 9*q**2/2 - 19*q - 62. What is the units digit of h(4)?
7
Let r be (-10)/3*36/(-20). Let n be 16/(-12)*r/(-4) - -2. Suppose 3*u + 0*u = -4*p + 303, 4*u = n. What is the tens digit of p?
7
Suppose -2*u + 26*r + 123396 = 23*r, -4*r + 185145 = 3*u. What is the hundreds digit of u?
7
Suppose 252*y + 212784 = 516*y - 256*y. What is the units digit of y?
8
Suppose 5*u - 21952 - 296553 = 5*l, 0 = -5*l + 10. What is the hundreds digit of